 -15421 (base 7) in base 6?
-32011
Convert -3fbb (base 16) to base 6.
-203311
6493 (base 10) to base 15
1dcd
1175 (base 10) to base 7
3266
56 (base 10) to base 9
62
Convert 659 (base 14) to base 5.
20010
-7070 (base 8) to base 3
-11222211
Convert 1300 (base 5) to base 8.
310
Convert 528 (base 11) to base 6.
2535
Convert 15760 (base 10) to base 9.
23551
93b (base 12) to base 8
2477
What is -70a (base 15) in base 13?
-94c
4570 (base 10) to base 8
10732
Convert 1011110111 (base 2) to base 10.
759
-363 (base 11) to base 5
-3212
13430 (base 5) to base 4
101123
Convert 1012011 (base 3) to base 7.
2350
What is -1310 (base 4) in base 2?
-1110100
What is 7 (base 10) in base 3?
21
-279 (base 15) to base 9
-686
What is -36042 (base 7) in base 9?
-13663
What is 675 (base 8) in base 16?
1bd
Convert 12010120 (base 3) to base 10.
3741
-101022 (base 3) to base 16
-116
What is -10333 (base 4) in base 8?
-477
-8d7 (base 15) to base 12
-11aa
c1c9 (base 15) to base 2
1001111111010010
Convert -304555 (base 6) to base 10.
-24407
c07 (base 14) to base 15
a74
Convert -20222121 (base 3) to base 4.
-1033210
-212402 (base 6) to base 15
-526b
Convert -8116 (base 9) to base 12.
-3520
What is 4df (base 16) in base 8?
2337
Convert -1301120 (base 4) to base 9.
-10852
ac76 (base 14) to base 10
29896
What is 20110311 (base 4) in base 12?
17899
122562 (base 8) to base 9
64080
What is -12214 (base 5) in base 15?
-424
Convert -20047 (base 11) to base 13.
-10475
Convert 23b (base 15) to base 5.
4011
Convert 58721 (base 9) to base 15.
b94d
d4ad (base 15) to base 11
30843
What is 1044 (base 10) in base 4?
100110
What is 5265 (base 7) in base 16?
744
Convert 22799 (base 10) to base 9.
34242
What is 16130 (base 7) in base 2?
1000110110001
What is -362 (base 12) in base 6?
-2202
Convert 4654 (base 10) to base 7.
16366
What is -20753 (base 8) in base 9?
-12817
What is 1222323 (base 4) in base 7?
25644
What is 2325 (base 14) in base 4?
1133131
What is -21212 (base 5) in base 13?
-862
Convert -30814 (base 9) to base 8.
-47570
Convert 3715 (base 9) to base 3.
10210112
What is 212 (base 7) in base 10?
107
13154 (base 6) to base 14
a3c
Convert 568 (base 15) to base 6.
5355
-1640 (base 11) to base 15
-951
Convert 4aa (base 13) to base 4.
30300
What is 562 (base 8) in base 10?
370
Convert 1506 (base 10) to base 16.
5e2
-37177 (base 8) to base 14
-5b8b
What is 695 (base 11) in base 7?
2264
Convert -210044 (base 5) to base 3.
-100110112
Convert -858 (base 15) to base 4.
-131123
Convert 38a (base 11) to base 5.
3321
What is -19 (base 15) in base 10?
-24
-785 (base 12) to base 2
-10001010101
What is 740 (base 8) in base 16?
1e0
What is 43a5 (base 13) in base 12?
555a
What is 2377 (base 8) in base 3?
1202101
What is 866 (base 9) in base 16?
2c4
What is 1104 (base 9) in base 7?
2242
What is -1051 (base 9) in base 7?
-2155
Convert -11123220 (base 4) to base 6.
-251000
What is -21005 (base 6) in base 8?
-5375
What is -2da (base 15) in base 8?
-1217
1333033 (base 4) to base 14
2d79
Convert -20e (base 15) to base 4.
-13100
Convert 1b6 (base 14) to base 12.
258
What is -13230 (base 6) in base 5?
-31114
11000101110 (base 2) to base 14
810
Convert -23033 (base 5) to base 8.
-3153
Convert 2521 (base 6) to base 11.
519
What is 111102121 (base 3) in base 4?
2120332
What is -367 (base 12) in base 15?
-241
Convert 10021101 (base 3) to base 8.
4522
What is -1222202212 (base 3) in base 11?
-274a7
Convert -10414 (base 5) to base 3.
-1000012
What is 10006 (base 9) in base 15?
1e2c
Convert 23302 (base 6) to base 9.
4532
What is -827 (base 11) in base 2?
-1111100101
What is -3893 (base 14) in base 5?
-304204
-1205 (base 7) to base 10
-446
Convert -100010001 (base 2) to base 6.
-1133
-21b (base 12) to base 16
-137
Convert 5705 (base 8) to base 9.
4117
What is 110100001 (base 2) in base 15?
1cc
-20221122 (base 3) to base 6
-35242
Convert -4123 (base 6) to base 4.
-32103
What is 252 (base 11) in base 14?
175
-10000001010 (base 2) to base 7
-3005
What is 216 (base 12) in base 6?
1230
Convert -27dd (base 14) to base 11.
-5334
What is 121202 (base 3) in base 10?
452
What is -441 (base 6) in base 3?
-20021
-44355 (base 9) to base 6
-344205
Convert -21d (base 16) to base 2.
-1000011101
10011000101110 (base 2) to base 10
9774
Convert -68422 (base 9) to base 13.
-17963
-333 (base 8) to base 13
-13b
What is -36cb (base 14) in base 4?
-2111303
2311212 (base 4) to base 6
125450
Convert 3976 (base 15) to base 2.
10111111100101
What is -10211011111 (base 3) in base 7?
-432160
What is -1b77 (base 14) in base 12?
-2a91
What is 3323 (base 5) in base 13?
298
Convert -623 (base 8) to base 6.
-1511
72461 (base 9) to base 11
32982
What is 42144 (base 7) in base 9?
15203
Convert 6147 (base 10) to base 11.
4689
What is -10515 (base 8) in base 2?
-1000101001101
-80 (base 16) to base 8
-200
-15337 (base 12) to base 6
-350111
What is -229 (base 11) in base 7?
-540
-1311023 (base 4) to base 14
-2a39
What is 4312 (base 7) in base 10?
1528
Convert 829 (base 10) to base 3.
1010201
-582 (base 11) to base 9
-852
What is -25232 (base 6) in base 3?
-12011102
What is -e61 (base 15) in base 12?
-1a61
Convert -2237 (base 15) to base 4.
-1301110
Convert 333210 (base 6) to base 4.
12310212
25401 (base 8) to base 10
11009
What is -447 (base 11) in base 16?
-217
What is 4300 (base 6) in base 4?
33030
Convert 11a8 (base 12) to base 8.
3720
What is -3214 (base 6) in base 12?
-50a
What is -9218 (base 10) in base 15?
-2ae8
Convert 322044 (base 5) to base 12.
6383
-1111110 (base 2) to base 11
-105
1221003 (base 4) to base 9
10200
Convert -939a (base 11) to base 3.
-122002011
20733 (base 9) to base 5
414334
-992 (base 12) to base 11
-1069
Convert -64a (base 11) to base 9.
-1056
Convert 1000111011011100 (base 2) to base 9.
55145
18a4 (base 15) to base 11
4005
Convert b3 (base 14) to base 13.
c1
2143b (base 12) to base 9
66102
What is 6464 (base 11) in base 6?
103312
Convert 21023 (base 4) to base 5.
4322
Convert 3224 (base 6) to base 10.
736
What is 2132202 (base 5) in base 7?
211365
7d7a (base 16) to base 15
97b7
11111 (base 10) to base 5
323421
What is 1261 (base 8) in base 6?
3105
-3511 (base 9) to base 8
-5052
da (base 14) to base 13
11a
Convert -103332 (base 8) to base 3.
-1202100121
201022 (base 6) to base 8
36646
Convert -21111 (base 3) to base 15.
-d7
What is 1443310 (base 5) in base 15?
9320
-4000 (base 5) to base 15
-235
What is -140 (base 14) in base 8?
-374
Convert c80 (base 14) to base 10.
2464
What is -1bc (base 14) in base 12?
-262
-1700 (base 16) to base 14
-2208
Convert -20d2 (base 16) to base 12.
-4a42
-22202 (base 6) to base 4
-300122
1888 (base 9) to base 3
1222222
Convert 594 (base 13) to base 3.
1022210
-d9a (base 14) to base 12
-1678
What is -1340143 (base 5) in base 2?
-110101110011100
Convert 2224 (base 5) to base 13.
1b2
4424 (base 6) to base 3
1101221
42425 (base 6) to base 7
22562
What is 3621 (base 7) in base 6?
10110
1230130 (base 5) to base 6
302050
-10305 (base 8) to base 10
-4293
Convert -52a (base 11) to base 8.
-1175
-574 (base 8) to base 4
-11330
Convert 34424 (base 11) to base 9.
75225
Convert -24410 (base 6) to base 5.
-103411
200011 (base 3) to base 7
1300
Convert -181 (base 15) to base 11.
-295
Convert -1004 (base 12) to base 11.
-1335
13230120 (base 4) to base 7
160605
What is -195 (base 10) in base 15?
-d0
What is 30 (base 13) in base 14?
2b
Convert -1440 (base 9) to base 12.
-769
-5a7 (base 16) to base 10
-1447
What is 298 (base 16) in base 4?
22120
2ad3 (base 14) to base 16
1dd1
Convert 34e (base 15) to base 14.
3b7
Convert 871 (base 11) to base 9.
1382
-200011110 (base 3) to base 9
-20143
What is -6aa (base 16) in base 6?
-11522
What is -23269 (base 10) in base 7?
-124561
-452114 (base 6) to base 12
-1a03a
Convert 1126 (base 11) to base 10.
1480
What is 18b9 (base 13) in base 9?
5062
-32002021 (base 4) to base 3
-2220211221
Convert -325 (base 14) to base 11.
-515
6657 (base 8) to base 2
110110101111
What is -23778 (base 12) in base 16?
-ba8c
What is -115 (base 10) in base 9?
-137
What is -712f (base 16) in base 8?
-70457
What is 1c95 (base 16) in base 6?
53513
-a10 (base 15) to base 11
-177a
-1110012111 (base 3) to base 4
-12332203
Convert -5043 (base 7) to base 5.
-23441
10111110111001 (base 2) to base 8
27671
-222